 be (3 - 0) + (-41 - -68). Suppose 0 = -k*v + 20*v + 8980. What is the units digit of v?
8
Suppose u + 10*s - 5*s = 153, 2*u + 3*s = 292. Suppose 0 = u*t - 138*t - 115. What is the units digit of t?
3
Suppose -5398*w + 5387*w + 14014 = 0. What is the tens digit of w?
7
Let h be 1/(-1 - 6/(-4)). Suppose -2*k - 28 = -2*d, -h*k + 14 = -4*k - 5*d. Let p = k - -26. What is the units digit of p?
4
Let h = -264 + 238. What is the units digit of 4/h + (-2 - 821/(-13))?
1
Suppose -19*m + 114408 = -7*m - 123456. What is the units digit of m?
2
Suppose 3*k - 82 + 37 = 0. Suppose -4*t + 3887 = q, 4*t - 16*q - 3881 = -k*q. What is the tens digit of t?
7
Suppose -308 = 6*z - 2978. Let f = 1110 - z. What is the tens digit of f?
6
Let t(q) = 17*q**2 + 12*q + 37. Let o be t(-8). Suppose -8*u + u + o = 0. What is the hundreds digit of u?
1
Suppose -3*l + 5*h + 13630 = -19391, 11000 = l - 4*h. What is the units digit of l?
2
Suppose 0 = -4*w - 3*n + 13590, 10178 = 15*w - 12*w - 5*n. What is the tens digit of w?
9
Let x(t) = -t**2 + 9*t - 12. Let w be x(5). Let o(y) = 2*y**2 - 8*y + 32. Let g be o(w). Let q = -83 + g. What is the tens digit of q?
1
What is the hundreds digit of (-24093 - -18)*4/(-3 - 1)?
0
Suppose -33*h + 8 = -31*h. Suppose 5*v = -5*n + 25, 2*v - 15 = -2*v + n. Suppose v*w = h*j + 664, w - 4*j + j = 170. What is the tens digit of w?
6
Suppose -5*h + g = -9037 - 2240, 3*h = -3*g + 6759. What is the thousands digit of h?
2
Let f = 22421 - -7525. What is the tens digit of f?
4
Suppose y - 38 - 22 = 0. Let w be y/28 + (-1)/7. Suppose -w*s + 4*u = -52, u - 6*u - 78 = -3*s. What is the tens digit of s?
2
Let t = 22024 + -3428. What is the tens digit of t?
9
Let q(i) = 4*i**3 - 6*i**2 - 2*i - 47. Let r(w) = -5*w**3 + 5*w**2 + w + 48. Let x(p) = 4*q(p) + 3*r(p). What is the hundreds digit of x(11)?
1
Suppose 0 = -z - 4*h - 34, 12*h - 7*h + 59 = -2*z. Suppose -5 = -3*r - 2*r. What is the tens digit of (-2446)/z + (-10)/55*r?
1
Suppose 3*t - 4*o = 90193, -48*t + 46*t + 3*o + 60128 = 0. What is the ten thousands digit of t?
3
Suppose -2*d + 36195 = 3*b, 8*b = -2*d + 27354 + 8876. What is the units digit of d?
7
Let l = 744 + -743. What is the thousands digit of (l - 2)/((119/(-7308))/17)?
1
Let t(o) = -7*o + 15. Let w(g) = 11*g - 29. Let d(c) = 9*t(c) + 4*w(c). What is the hundreds digit of d(-11)?
2
Suppose r + 5*l = 789, -9*r + 13*r = -2*l + 3264. What is the hundreds digit of r?
8
Let z(r) = -r - 2. Let d(t) = -10*t + 8. Let v(b) = d(b) + 3*z(b). Let y be v(6). What is the tens digit of (y/(-5))/((-3)/(-15))?
7
Let y be ((-4)/6)/((-10)/45). Suppose -6*r = -7*r + y. Suppose -r*z + 0*z + 12 = 0. What is the units digit of z?
4
Let v(n) = -n**3 - 14*n**2 + 13*n - 28. Let i be v(-15). Suppose 2*l - 262 = -i*x + 498, -1156 = -3*l + x. What is the tens digit of l?
8
Suppose 8*r - 22*r + 11472 = -12*r. What is the thousands digit of r?
5
Let z(g) = -565*g**3 + 109*g**2 + 341*g - 2. What is the units digit of z(-3)?
1
Let w(v) be the third derivative of -v**6/30 + v**5/60 - v**4/4 - 7*v**3/6 - 8*v**2. Let f be w(-3). Let z = f + -36. What is the tens digit of z?
9
Let n(q) = q**2 + 9*q - 32. Let m be (-1 + 0)*1 + -62. Let h be (40/(-3))/2*m/42. What is the units digit of n(h)?
8
Suppose 4*k + 5*i + 191 = 0, i = -3 - 0. Let h = 4168 - 4019. Let r = h + k. What is the hundreds digit of r?
1
Let l = 326 + -126. Let o = l + -12. What is the hundreds digit of o?
1
Let f = 19749 + -8704. What is the units digit of f?
5
Let u = -7 - -13. Let q = 3356 - 3177. Suppose u*i = q + 583. What is the tens digit of i?
2
Suppose 4*y = 8*y - 28. Suppose 8 = y*o - 55. Suppose -3*d + o - 3 = 0, w - 3*d - 90 = 0. What is the tens digit of w?
9
Let f(u) = 120*u + 1038. What is the thousands digit of f(83)?
0
Suppose 4*c + c - b - 212 = 0, -5*c + 4*b + 218 = 0. Let z = c + -1. Let j = 98 - z. What is the units digit of j?
7
Let h = -276 - -271. What is the tens digit of (-62)/h*((-72)/(-3) + 11)?
3
Let i = 386 - 362. Let b(w) = 28*w + 3. What is the hundreds digit of b(i)?
6
Let a(c) = 42*c**2 - 190*c + 2715. What is the hundreds digit of a(16)?
4
Let z = -20 - -409. Let y = 665 - z. What is the units digit of y?
6
Suppose 7*n - 2*j = 2*n - 59, n + 5*j + 28 = 0. Let c(t) = 197 - 392 + 197 - 7*t. What is the tens digit of c(n)?
9
Let x(c) = -74*c + 10. Let w be x(-10). Let k = w + -1114. Let l = 587 + k. What is the units digit of l?
3
Suppose 2*l + 3 + 8 = -5*b, b + 11 = 4*l. Let n be (-4 + 11/2)*(-16)/b. Suppose 0 = n*g - 476 - 244. What is the tens digit of g?
9
Let o = -287 + 292. Suppose t = -2*l + 57, 0 = 5*t - 3*l + o*l - 253. What is the units digit of t?
9
Suppose -1436 = -8*v + 1140. What is the units digit of 716/7 - 92/v?
2
Let t(f) = 24*f**3 - 8*f**2 - 13*f + 26. What is the hundreds digit of t(8)?
6
Let j be ((-14)/(-42))/((-2)/(-258)). Suppose -o = c - j, 3*o - 145 = 5*c - 0*c. What is the tens digit of o?
4
What is the units digit of -23 + 10 + 2536 - -18?
1
Suppose -6*v - 95905 = -8*i - 11*v, 59944 = 5*i + 2*v. What is the hundreds digit of i?
9
Suppose 123*d - 652 = 119*d. Let v = -43 + d. What is the tens digit of v?
2
Let f(n) = -160 + 50 - 29*n - n**2 + 23 + 49. What is the hundreds digit of f(-20)?
1
Let d(z) = -1227*z**2 - 3*z - 3. Let s be d(-1). Let v = -516 - s. What is the hundreds digit of v?
7
Let w(p) = p**3 + 4*p**2 + p + 6. Let r be w(-3). Suppose -2*u - r = -4*k, -3*k + 7*k = u + 12. Suppose 7*c - 3*c - 520 = u. What is the units digit of c?
0
Let c(d) = d**2 + 2*d - 8. Let a be c(2). Suppose a = -12*f + 9*f. Suppose -2*r + 3*k + 337 = f, 3*k - 141 = -r - k. What is the hundreds digit of r?
1
What is the hundreds digit of 4075/(-15)*(-4557)/155?
9
Let k = 9635 + -3955. What is the tens digit of k?
8
Let z = -2326 + 12367. What is the units digit of z?
1
Let b = 12 + 0. Let s be b/66 - (0 - 328/11). Suppose 3*r - s = 228. What is the tens digit of r?
8
Suppose u - 10 = -2. Suppose -94 = -u*y + 7*y. Suppose -4*a = -2*q + y, -3*a + 0*a = -q + 50. What is the tens digit of q?
4
Let p = -22525 - -35077. What is the tens digit of p?
5
Suppose 0 = k + 3*k. Let d(a) = a**3 - 34*a**2 + 4. Let n be d(34). Suppose -n*r = y - 152, -r - r - 2 = k. What is the units digit of y?
6
Let x be 35/(-14)*(-18)/15. What is the tens digit of 2163/x - -3 - 3?
2
Suppose v - 3*d - 876 = 0, -3*d = v - 679 - 173. Let p = v + -4. What is the units digit of p?
0
Let z(f) = 156*f - 1733. What is the hundreds digit of z(56)?
0
Suppose 5*a = 4858 + 142. Let k = 2505 - a. What is the thousands digit of k?
1
Let h(o) be the first derivative of 79*o**2/2 - 35*o + 226. What is the thousands digit of h(17)?
1
What is the thousands digit of -6 - (-31184 - (5 + 5))?
1
Suppose -1016709 = 71*t - 5272662. What is the tens digit of t?
4
Suppose -152 = -4*j + 4*p, j = -0*j + 2*p + 36. Let a = 44 - j. What is the tens digit of 22/(-6)*(a - 19)?
5
What is the tens digit of 4/(-4 + 31518/7878)?
5
Let q(t) = -754*t - 2833. What is the hundreds digit of q(-18)?
7
Let a = 50 - -35. Suppose 4*r - 5*g - a = 0, 3*g = 3*r + 5*g - 81. What is the hundreds digit of (1 - 45/r)/(2/(-325))?
1
Let d = 91981 + -51558. What is the units digit of d?
3
Let u = 776 + -432. Suppose -3*c - c + u = 3*k, 63 = c - 5*k. Let o = -64 + c. What is the units digit of o?
9
Let t be 3*(-3)/(-6)*586/3. Let l = 376 - t. What is the units digit of l?
3
Let g(h) = 21*h + 17. Let k be g(27). Suppose 2*v = 3*n + k, 403 = 2*v + 2*n - 161. What is the tens digit of v?
8
Suppose 0 = 9*d + 209 - 1361. What is the tens digit of ((-42)/12)/((-1)/d + 0)?
4
Let w(t) = 39*t**2 + 11 - 27 + 13 - 7*t. What is the hundreds digit of w(-3)?
3
What is the hundreds digit of -6962*-7*(-3)/(-6)?
3
Let r(h) = -3*h**2 + 1 - 3*h + 46 + 2*h**2. Let t be r(0). Let x = t - -10. What is the units digit of x?
7
Let q = 22749 - 3034. What is the ten thousands digit of q?
1
Suppose -39218 = -5*z + n, 2*z + 5*n + 2910 - 18581 = 0. What is the tens digit of z?
4
Let d = -501 - -230. Let b = -142 - d. What is the hundreds digit of b?
1
Suppose 0*z + 21*z - 11*z = 401180. What is the units digit of z?
8
Let t(q) = -50*q - 118. Let u be t(-1). Suppose 0 = -5*w + 3*w - 308. Let m = u - w. What is the units digit of m?
6
Let w = -9970 - -17858. What is the thousands